of 5473?
False
Does 41 divide 6482?
False
Does 38 divide 30026?
False
Is 28542 a multiple of 142?
True
Is 16 a factor of 4032?
True
Is 1044 a multiple of 12?
True
Is 6 a factor of 502?
False
Does 51 divide 56417?
False
Does 19 divide 1384?
False
Does 63 divide 1386?
True
Does 152 divide 1848?
False
Is 4769 a multiple of 11?
False
Is 76 a multiple of 19?
True
Does 14 divide 946?
False
Is 2245 a multiple of 52?
False
Is 143 a multiple of 6?
False
Does 15 divide 81631?
False
Does 12 divide 1201?
False
Is 10539 a multiple of 18?
False
Is 9100 a multiple of 65?
True
Is 28 a factor of 4564?
True
Is 201 a multiple of 4?
False
Is 20 a factor of 761?
False
Does 71 divide 568?
True
Is 37416 a multiple of 12?
True
Does 80 divide 80?
True
Does 15 divide 22321?
False
Does 8 divide 3144?
True
Is 132 a multiple of 24?
False
Is 514 a multiple of 2?
True
Is 4799 a multiple of 9?
False
Does 53 divide 4452?
True
Does 19 divide 1767?
True
Is 62 a factor of 4588?
True
Is 8 a factor of 3418?
False
Is 103284 a multiple of 36?
True
Is 20 a factor of 8009?
False
Is 25 a factor of 75?
True
Is 4224 a multiple of 20?
False
Is 931 a multiple of 13?
False
Does 48 divide 672?
True
Is 5763 a multiple of 113?
True
Does 14 divide 1704?
False
Does 19 divide 678?
False
Does 14 divide 99861?
False
Is 5 a factor of 5630?
True
Does 86 divide 14343?
False
Does 46 divide 56932?
False
Does 3 divide 482?
False
Is 155 a factor of 4338?
False
Does 24 divide 2412?
False
Does 4 divide 813?
False
Is 41 a factor of 3245?
False
Does 14 divide 252?
True
Does 182 divide 49739?
False
Is 9888 a multiple of 6?
True
Is 29405 a multiple of 9?
False
Is 101 a factor of 8181?
True
Is 11 a factor of 8987?
True
Is 5281 a multiple of 29?
False
Is 234 a multiple of 52?
False
Is 11 a factor of 2701?
False
Is 14 a factor of 238?
True
Does 4 divide 172?
True
Does 71 divide 559?
False
Is 15 a factor of 8145?
True
Is 4320 a multiple of 16?
True
Does 47 divide 7191?
True
Does 27 divide 189?
True
Is 4 a factor of 394?
False
Is 6 a factor of 5058?
True
Is 7 a factor of 11116?
True
Is 34 a factor of 736?
False
Is 47 a factor of 48598?
True
Is 15 a factor of 5940?
True
Is 825 a multiple of 33?
True
Is 65 a factor of 64415?
True
Is 226 a factor of 14916?
True
Is 7 a factor of 22617?
True
Is 276 a factor of 40153?
False
Is 21 a factor of 2061?
False
Does 8 divide 2552?
True
Is 462 a multiple of 6?
True
Does 40 divide 3960?
True
Does 50 divide 12950?
True
Does 4 divide 1370?
False
Is 32154 a multiple of 69?
True
Is 1463 a multiple of 11?
True
Is 986 a multiple of 34?
True
Is 65 a factor of 299?
False
Is 17547 a multiple of 176?
False
Is 89 a factor of 32485?
True
Does 14 divide 36092?
True
Is 117 a factor of 23049?
True
Does 35 divide 79341?
False
Is 22 a factor of 1002?
False
Is 3273 a multiple of 5?
False
Does 10 divide 88810?
True
Is 90643 a multiple of 12?
False
Is 55 a factor of 3125?
False
Does 39 divide 234?
True
Does 13 divide 294?
False
Is 1300 a multiple of 52?
True
Is 1631 a multiple of 19?
False
Does 218 divide 34010?
False
Does 347 divide 53785?
True
Is 35 a factor of 87220?
True
Does 36 divide 1080?
True
Does 3 divide 347?
False
Does 6 divide 3534?
True
Is 17 a factor of 4760?
True
Is 57660 a multiple of 12?
True
Does 187 divide 69756?
False
Is 20 a factor of 1175?
False
Is 145 a factor of 4785?
True
Is 9 a factor of 1126?
False
Does 9 divide 891?
True
Is 13 a factor of 5038?
False
Does 28 divide 5856?
False
Does 5 divide 55?
True
Is 66394 a multiple of 24?
False
Does 71 divide 10863?
True
Is 55 a factor of 12155?
True
Is 12 a factor of 40008?
True
Is 13 a factor of 338?
True
Is 6576 a multiple of 141?
False
Is 647 a multiple of 86?
False
Does 12 divide 2796?
True
Is 5565 a multiple of 37?
False
Is 12 a factor of 6120?
True
Is 6829 a multiple of 86?
False
Is 14 a factor of 1812?
False
Is 36 a factor of 1572?
False
Does 18 divide 1134?
True
Is 63 a factor of 10875?
False
Is 1528 a multiple of 6?
False
Is 48 a factor of 2688?
True
Is 11 a factor of 2541?
True
Is 92 a multiple of 20?
False
Is 79086 a multiple of 269?
True
Does 41 divide 4703?
False
Is 21547 a multiple of 3?
False
Is 13 a factor of 3952?
True
Is 60894 a multiple of 367?
False
Is 78 a factor of 1872?
True
Does 11 divide 847?
True
Does 15 divide 360?
True
Is 5292 a multiple of 36?
True
Does 6 divide 2424?
True
Is 2314 a multiple of 89?
True
Is 9620 a multiple of 65?
True
Is 63468 a multiple of 258?
True
Does 32 divide 832?
True
Is 12 a factor of 1650?
False
Is 2 a factor of 1779?
False
Does 11 divide 117?
False
Is 19 a factor of 6069?
False
Is 153 even?
False
Is 42 a multiple of 14?
True
Does 8 divide 5516?
False
Is 63072 a multiple of 54?
True
Does 20 divide 62978?
False
Does 2 divide 503?
False
Is 129 a multiple of 87?
False
Does 30 divide 1002?
False
Is 663 a multiple of 29?
False
Is 1254 a multiple of 38?
True
Is 16 a factor of 715?
False
Is 73889 a multiple of 196?
False
Does 68 divide 1718?
False
Is 6 a factor of 259?
False
Is 29 a factor of 38860?
True
Is 19 a factor of 121429?
True
Does 97 divide 1034?
False
Is 22673 a multiple of 5?
False
Is 11 a factor of 64845?
True
Is 13 a factor of 15288?
True
Is 36 a factor of 351?
False
Is 242 a multiple of 2?
True
Is 5 a factor of 2025?
True
Is 541 a multiple of 6?
False
Does 10 divide 830?
True
Is 2273 a multiple of 39?
False
Does 3 divide 346?
False
Is 7 a factor of 621?
False
Is 11 a factor of 60?
False
Does 48 divide 7872?
True
Is 2757 a multiple of 74?
False
Is 1561 a multiple of 4?
False
Is 221 a multiple of 30?
False
Is 48 a factor of 2064?
True
Does 9 divide 89604?
True
Does 24 divide 1792?
False
Is 12 a factor of 26541?
False
Is 66 a factor of 847?
False
Is 30 a factor of 7620?
True
Does 153 divide 32289?
False
Is 23140 a multiple of 26?
True
Is 2988 a multiple of 12?
True
Is 7 a factor of 3015?
False
Is 1238 a multiple of 103?
False
Does 22 divide 1071?
False
Does 60 divide 1020?
True
Does 15 divide 31408?
False
Is 2627 a multiple of 71?
True
Is 38637 a multiple of 51?
False
Does 118 divide 11918?
True
Is 304 a multiple of 19?
True
Is 38 a factor of 1250?
False
Does 10 divide 3086?
False
Is 19 a factor of 3325?
True
Is 4298 a multiple of 7?
True
Is 121122 a multiple of 24?
False
Does 13 divide 1196?
True
Is 93 a factor of 28867?
False
Is 35 a factor of 2609?
False
Does 12 divide 2424?
True
Does 14 divide 1038?
False
Is 342 a multiple of 45?
False
Does 15 divide 6090?
True
Is 1161 a multiple of 43?
True
Does 22 divide 1527?
False
Is 64 a factor of 2606?
False
Is 225 a multiple of 3?
True
Is 13824 a multiple of 8?
True
Is 16 a factor of 2720?
True
Is 88 a factor of 1672?
True
Is 2380 a multiple of 8?
False
Is 96 a factor of 1728?
True
Does 25 divide 1825?
True
Is 34 a factor of 408?
True
Does 65 divide 506?
False
Does 24 divide 1889?
False
Is 5220 a multiple of 6?
True
Is 77 a multiple of 6?
False
Is 39744 a multiple of 64?
True
Is 15578 a multiple of 45?
False
Is 15930 a multiple of 19?
False
Is 34 a factor of 1027?
False
Is 1332 a multiple of 12?
True
Is 11 a factor of 3102?
True
Is 7 a factor of 9375?
False
Is 1430 a multiple of 65?
True
Does 12 divide 55092?
True
Does 12 divide 48?
True
Is 1765 a multiple of 33?
False
Is 9 a factor of 50697?
True
Is 67 a factor of 86?
False
Is 2376 a multiple of 11?
True
Is 2547 a multiple of 46?
False
Is 3 a factor of 65?
False
Is 5 a factor of 45065?
True
Is 96807 a multiple of 61?
True
Is 906 a multiple of 4?
False
Is 53 even?
False
Is 39 a factor of 14734?
False
Does 27 divide 188?
False
Is 806 a multiple of 31?
True
Is 7587 a multiple of 14?
False
Is 3420 a multiple of 30?
True
Does 21 divide 290?
False
Is 73 a factor of 13140?
True
Is 11 a factor of 7722?
True
Is 6 a factor of 10266?
True
Is 30 a factor of 690?
True
Is 11 a factor of 8009?
False
Is 25 a factor of 825?
True
Is 35 a factor of 6829?
False
Is 10750 a multiple of 43?
True
Is 2 a factor of 1164?
True
Is 13918 a multiple of 12?
False
Is 68 a factor of 1496?
True
Is 8 a factor of 3808?
True
Is 75857 a multiple of 17?
False
Is 787 a multiple of 61?
False
Is 142 a factor of 3550?
True
Does 80 divide 11151?
False
Is 22079 a multiple of 33?
False
Is 6 a factor of 33600?
True
Is 20 a factor of 190?
False
Is 3 a factor of 67?
False
Is 6 a factor of 48?
True
Is 65 a factor of 2543?
False